4*14 + 3. What is the remainder when l/6 + (-38)/(-3) is divided by 5?
2
Calculate the remainder when 36 is divided by 14/(4 + -2 - 1).
8
Suppose 34 = 5*h + 9. Let m(v) = -v**2 + 11*v - 22. Calculate the remainder when h is divided by m(8).
1
Let q = 1 - 6. Let v(b) = -6*b + 5. Let u(y) = 5*y - 4. Let l(d) = -4*u(d) - 3*v(d). What is the remainder when 31 is divided by l(q)?
9
Let k(b) = -b**3 - 3*b**2 + 8*b + 3. Let m be k(-5). Let h = -5 + m. What is the remainder when 19 is divided by (-6)/(-4) + 44/h?
5
Let v(f) = -f**3 - 10*f**2 - f + 4. Let g = -65 - -104. What is the remainder when g is divided by v(-10)?
11
Suppose 3*s - c - 432 = 3*c, 4*c = -s + 160. Suppose -2*w = -6*w + s. Calculate the remainder when w is divided by 19.
18
Suppose 3 - 51 = 4*f. What is the remainder when 46 is divided by 18/2 - f/4?
10
Suppose 4*h = g + 177, 5*h - 2*g + 0*g - 222 = 0. Calculate the remainder when 126 is divided by h.
38
Let q = 0 + 4. Suppose -q*f = -0*f - 108. What is the remainder when f is divided by 29/2 + (-3)/6?
13
Let x(n) = 7*n**2 - 2*n - 3. Let j be x(5). Suppose -2*y + 0*y = j. Calculate the remainder when (y/12)/(2/(-8)) is divided by 14.
13
Suppose 3*h = 205 + 35. Suppose -h = -0*k - 3*k + 5*z, -5*k + 140 = -5*z. Suppose 0 = -4*w + w + k. What is the remainder when 28 is divided by w?
8
Let a(u) = -u**3 - 2*u**2 - u - 3. Let y be 10/35 + (-46)/14. What is the remainder when 25 is divided by a(y)?
7
Let g = 10 + -7. Suppose -m - o + 26 = 0, g*o + o = -5*m + 129. Let r(j) = -3*j - 6. What is the remainder when m is divided by r(-5)?
7
Calculate the remainder when 7 is divided by ((-8)/(-3))/(10/15).
3
Let s(l) = 5*l**3 - l**2. Let b be s(1). Suppose -5*y - 86 = -3*t, -5*y + 105 = b*t - 2*y. Calculate the remainder when t is divided by 7.
6
Suppose -3*y + 11 = -13. What is the remainder when 12 is divided by y?
4
Let d = 24 + -37. What is the remainder when 3*d*2/(-3) is divided by 9?
8
Let j(u) = u - 3. Let d be j(2). Let p be (4/d)/(4/(-8)). Suppose -8 = -3*c + 5*n + 4, 2*c = -n + p. What is the remainder when 6 is divided by c?
2
Let s = 83 + -52. Let l = 44 - s. What is the remainder when 24 is divided by l?
11
Let o = -2 - 4. Let a(v) = v**3 + 6*v**2 - v + 8. Calculate the remainder when a(o) is divided by (-9)/(-3) + 1 + 0.
2
Suppose -f + 2*w = 3*f - 204, -5*f + 268 = 4*w. Calculate the remainder when f is divided by 28.
24
Suppose 0 = n - 9 - 13. Suppose 4*l - 3*r = 26, -5*l + 3*r + 36 = r. What is the remainder when n is divided by l?
6
Let o = 10 - 2. Suppose -2*f - 4*c = -24, 17 = -4*f - 5*c + 56. What is the remainder when o is divided by f?
2
Let q = 6 - -13. What is the remainder when q is divided by 5?
4
Let q(u) = -2*u**3 - 9*u**2 - 3*u + 13. Calculate the remainder when q(-6) is divided by 28.
27
Let l(t) = t**2 + t - 4. Calculate the remainder when 30 is divided by l(4).
14
Let x = -1 + 5. Suppose 0 = p - 2*w - 19, -w + 116 = x*p + 13. What is the remainder when p is divided by 7?
4
Suppose -3*t + t + 10 = 0. Suppose 57 = -2*h + t*h. What is the remainder when h is divided by 11?
8
Let l(h) = 9 - 12*h**3 - 3 - 8*h**2 + 11*h**3 - 9*h. Calculate the remainder when 57 is divided by l(-7).
17
Suppose 0 = 5*j - 8*r + 11*r - 16, -r + 2 = 0. Calculate the remainder when 2 is divided by j.
0
Let b be (2 + -4)*1/(-1). Suppose 25 = 3*g - 2*x, 0*x - 2*x - 20 = -b*g. Suppose -3 + 23 = g*t. Calculate the remainder when 11 is divided by t.
3
Let f(y) = 9*y**2 + 1. Let i be f(-1). Suppose 0 = -5*t + 2*k - 6 + 1, -2*k = i. What is the remainder when 2*29 + t + 6 is divided by 21?
19
Let v = -43 + 98. What is the remainder when v is divided by 28?
27
Let t(l) = -11*l + 1. Let v = 40 - 17. Calculate the remainder when v is divided by t(-1).
11
Suppose 2*p - 4*j = 0, 5*p - 2*p + 3*j - 18 = 0. Suppose 16 = -4*s, 0 = 4*v - 6*s + 2*s - 32. Calculate the remainder when 1/p - 39/(-4) is divided by v.
2
Suppose 10*u + 3*x = 5*u + 711, -5*x = -4*u + 591. Calculate the remainder when u is divided by 29.
28
Let u(q) = -5*q + 16. Calculate the remainder when 49 is divided by u(-2).
23
Let h = -7 + 12. Let o be (6 - 7) + (-8)/(-2). Suppose -2*q + 10 = o*q. What is the remainder when h is divided by q?
1
Let h(i) = 11*i**3 + i**2 - i + 1. What is the remainder when 47 is divided by h(1)?
11
Let o(h) = 5*h**2. Suppose 15 = 5*p, -3*x = 2*x - 3*p - 36. Calculate the remainder when x is divided by o(1).
4
Let y(z) = -2*z - 10. Let u be y(-7). Suppose 6 = -3*w - 0*n + 3*n, -u*w + 2 = -2*n. What is the remainder when 8 is divided by w?
2
Calculate the remainder when 175/10*1 + 3/(-2) is divided by (3*(2 + 0))/1.
4
Let p = -6 + 11. Let h = p + 1. What is the remainder when 16 is divided by h?
4
Suppose -4*t - 26 = -34. Calculate the remainder when 3 is divided by t.
1
Suppose -2*m + 2*w + 104 = -2*w, 278 = 5*m - 4*w. What is the remainder when m is divided by 2/3 - (-6)/(-9) - -15?
13
Let y(c) be the first derivative of 3*c**2 - 2*c**2 + 10*c + 3 - 10*c. What is the remainder when y(13) is divided by 9?
8
Let w = 103 - 69. Suppose -128*y + 137*y - 81 = 0. Calculate the remainder when w is divided by y.
7
Suppose 12 = -i - 0. Let n = 16 + i. What is the remainder when 9 is divided by n?
1
Let u(q) = q + 9. Let b be u(-8). Let g = 4 - b. Suppose 37 = g*w - 8. What is the remainder when 58 is divided by w?
13
Suppose 3*n + 8*n = 154. What is the remainder when n is divided by 7?
0
Let n(t) = -2*t + 9. Let h be n(4). Calculate the remainder when h/3*(-1 + 112) is divided by 12 + 1 + 0/2.
11
Suppose -4*z + t + 83 = 0, z + 17 = 2*z + t. Calculate the remainder when z is divided by 6.
2
Suppose 0 = 6*c - 4*c - 18. Let d be 2/6 + (-8)/(-3). Suppose 2*n - 56 = -2*l, -5*l - 30 = -d*n + 30. Calculate the remainder when n is divided by c.
7
Suppose 12*n = -129 + 429. Calculate the remainder when 174 is divided by n.
24
Suppose l + 44 = 5*o, -10 - 12 = -2*o - 4*l. What is the remainder when 43 is divided by o?
7
What is the remainder when (-2)/(-4)*(3 + 1) is divided by 1?
0
Let r(m) = -3*m + 3. Let v be (-2)/(-3)*(9 + 0). Suppose 170 = v*c - c. What is the remainder when c is divided by r(-3)?
10
Let u = 11 - 8. Let b(p) = p**2 - p - 2. Let c be b(-5). Suppose -f - 3*f + c = 0. What is the remainder when f is divided by u?
1
What is the remainder when 8/28 + 0 - 131/(-7) is divided by 11?
8
Let o be 4/(0 + 2 - 0). Let z(x) = 4*x + 1. Let d(i) = 18*i**2 + i. What is the remainder when d(-1) is divided by z(o)?
8
Let y(d) = 4*d - 11. Let j(u) = 5*u + 1. What is the remainder when j(3) is divided by y(5)?
7
Let g(d) = 3*d**2 - 2*d + 2. Suppose b - 64 + 189 = 5*y, -y - b + 19 = 0. Let u = y + -12. Calculate the remainder when g(-3) is divided by u.
11
Let z = 3 + 11. Let a(l) = -l**2 + 8*l - 7. Let v = 0 - -5. What is the remainder when z is divided by a(v)?
6
Let h = 1 + -1. Suppose h = -k - 4*j, -3*j - 6 + 33 = 3*k. Suppose -c + 40 = b + 4*c, 3*b = -5*c + 110. Calculate the remainder when b is divided by k.
11
Let n(l) = -2*l**3 - 3*l**2. What is the remainder when 15 is divided by n(-2)?
3
Suppose -7*i + 17 = -4. What is the remainder when 7 is divided by i?
1
Let c = 13 - 13. Suppose -4*r + 4*f + 20 = c, -5*r = -f - 19 - 6. What is the remainder when 14 is divided by r?
4
Let o = -18 + 3. Let a = 35 + o. What is the remainder when 38 is divided by a?
18
Let j = 12 - 22. What is the remainder when ((-18)/15)/(3/j) is divided by (-1)/((-12)/(-9))*-4?
1
Let f = -60 + 177. What is the remainder when f is divided by 40?
37
Let u = 12 - 3. What is the remainder when 43 is divided by u?
7
Suppose -28 - 2 = 5*j. Let c = j + 17. Calculate the remainder when 20 is divided by c.
9
Let u be 16/20 + (-1)/(-5). Let n(s) = 14*s. Calculate the remainder when 53 is divided by n(u).
11
Let v = 6 + -3. Suppose 0 = -v*u + 3*s - 4*s + 140, -2*u = 2*s - 92. Suppose 4*j - 112 = -4*w, -3*j - 8 = -5*j. What is the remainder when u is divided by w?
23
Suppose 0 = -4*h + 122 + 242. Suppose -6*s + 4*s = 5*k - h, -5*k + 2*s = -79. Suppose 12*p + 0*p - 120 = 0. Calculate the remainder when k is divided by p.
7
Let u(v) = -v**3 - 7*v**2 + 8. Let i be u(-7). Suppose 63 = 5*b + i. What is the remainder when 31 is divided by b?
9
Let i(q) = -q**3 + 4*q**2 - 2. Calculate the remainder when 1*(-3 - -11